 15) to base 8
135
Convert -31 (base 15) to base 7.
-64
-2a (base 16) to base 4
-222
What is -351 (base 9) in base 15?
-144
-14 (base 12) to base 16
-10
What is 2 (base 8) in base 4?
2
Convert 24 (base 12) to base 5.
103
-33 (base 6) to base 15
-16
-110100 (base 2) to base 15
-37
What is -5 (base 9) in base 10?
-5
-5 (base 10) to base 6
-5
What is -9 (base 13) in base 8?
-11
Convert 121 (base 4) to base 10.
25
What is 4a (base 13) in base 14?
46
Convert -8 (base 13) to base 8.
-10
-12 (base 3) to base 6
-5
Convert 25 (base 14) to base 16.
21
36 (base 10) to base 12
30
Convert 211 (base 3) to base 12.
1a
What is 50 (base 11) in base 6?
131
-9 (base 10) to base 13
-9
-120 (base 6) to base 14
-36
What is 1233 (base 4) in base 11?
a1
151 (base 7) to base 14
61
30 (base 12) to base 2
100100
26 (base 13) to base 7
44
What is 11 (base 2) in base 14?
3
What is -10 (base 9) in base 12?
-9
What is 84 (base 11) in base 10?
92
86 (base 14) to base 15
7d
98 (base 10) to base 13
77
What is 5 (base 7) in base 2?
101
111 (base 3) to base 15
d
Convert 1a5 (base 15) to base 5.
3010
Convert -8 (base 13) to base 11.
-8
Convert 15 (base 8) to base 3.
111
Convert 0 (base 13) to base 7.
0
Convert -131 (base 6) to base 3.
-2001
3 (base 13) to base 4
3
20 (base 11) to base 2
10110
Convert -2 (base 14) to base 11.
-2
-9 (base 14) to base 4
-21
What is -5 (base 10) in base 14?
-5
Convert -10 (base 14) to base 3.
-112
-9 (base 12) to base 16
-9
Convert -1011 (base 3) to base 11.
-29
What is -113 (base 6) in base 13?
-36
-17 (base 8) to base 14
-11
What is 11 (base 2) in base 13?
3
14 (base 6) to base 9
11
Convert -46 (base 16) to base 12.
-5a
Convert -42 (base 13) to base 5.
-204
3 (base 13) to base 15
3
Convert -22 (base 4) to base 6.
-14
1 (base 14) to base 15
1
What is -6 (base 9) in base 5?
-11
1 (base 10) to base 13
1
What is 12 (base 16) in base 4?
102
What is a1 (base 15) in base 8?
227
Convert 12 (base 12) to base 13.
11
-1123 (base 6) to base 5
-2032
Convert 1110 (base 2) to base 10.
14
Convert 6 (base 7) to base 14.
6
Convert -1 (base 4) to base 12.
-1
-13 (base 6) to base 4
-21
Convert -3 (base 10) to base 14.
-3
What is 4 (base 13) in base 14?
4
What is -312 (base 7) in base 2?
-10011100
12 (base 9) to base 3
102
-14 (base 8) to base 7
-15
13 (base 5) to base 11
8
-1145 (base 6) to base 7
-551
What is -3 (base 6) in base 16?
-3
3 (base 7) to base 13
3
Convert 312 (base 4) to base 12.
46
What is 47 (base 12) in base 7?
106
250 (base 6) to base 8
146
What is -22 (base 11) in base 4?
-120
Convert 31 (base 5) to base 11.
15
Convert 1 (base 3) to base 14.
1
-303 (base 7) to base 6
-410
What is 14 (base 15) in base 4?
103
What is -420 (base 5) in base 15?
-75
What is 20 (base 12) in base 4?
120
What is 0 (base 5) in base 16?
0
What is -165 (base 13) in base 11?
-20a
What is -1 (base 10) in base 2?
-1
Convert 35 (base 12) to base 14.
2d
-1 (base 5) to base 9
-1
Convert -7 (base 8) to base 3.
-21
Convert 0 (base 7) to base 16.
0
Convert -11 (base 5) to base 4.
-12
-7 (base 13) to base 7
-10
Convert -111000 (base 2) to base 3.
-2002
0 (base 14) to base 16
0
What is 122 (base 3) in base 9?
18
Convert 11 (base 8) to base 5.
14
-41 (base 14) to base 12
-49
Convert 23 (base 6) to base 5.
30
Convert -15c (base 14) to base 16.
-116
-2 (base 3) to base 4
-2
-10202 (base 3) to base 2
-1100101
11 (base 3) to base 11
4
-71 (base 10) to base 3
-2122
Convert -3 (base 9) to base 15.
-3
What is -10 (base 3) in base 2?
-11
What is -22 (base 9) in base 11?
-19
86 (base 13) to base 11
a0
-1332 (base 4) to base 13
-99
-2 (base 5) to base 12
-2
Convert -6 (base 14) to base 2.
-110
What is -100 (base 5) in base 14?
-1b
-10102 (base 3) to base 11
-84
What is -60 (base 11) in base 2?
-1000010
What is -2 (base 13) in base 12?
-2
-5 (base 12) to base 13
-5
What is -15 (base 6) in base 10?
-11
What is -13 (base 5) in base 3?
-22
What is 5 (base 11) in base 5?
10
-c (base 16) to base 8
-14
What is 9 (base 11) in base 15?
9
Convert -9 (base 10) to base 9.
-10
What is c5 (base 16) in base 14?
101
Convert 3 (base 7) to base 9.
3
What is -13 (base 15) in base 11?
-17
Convert -4c (base 15) to base 13.
-57
Convert -bc (base 13) to base 14.
-b1
What is -4 (base 6) in base 16?
-4
2110 (base 3) to base 8
102
What is 110 (base 2) in base 8?
6
What is -27 (base 9) in base 14?
-1b
What is 1 (base 3) in base 8?
1
Convert -3 (base 13) to base 4.
-3
What is -4 (base 12) in base 10?
-4
Convert 2 (base 11) to base 12.
2
What is 2 (base 16) in base 15?
2
What is 0 (base 10) in base 14?
0
Convert -36 (base 13) to base 4.
-231
What is 20 (base 4) in base 16?
8
What is 0 (base 16) in base 11?
0
What is -426 (base 7) in base 14?
-116
What is 1111000 (base 2) in base 13?
93
What is -26 (base 13) in base 2?
-100000
What is 1 (base 5) in base 7?
1
What is 120 (base 10) in base 5?
440
31 (base 11) to base 5
114
What is 0 (base 14) in base 7?
0
4 (base 9) to base 12
4
Convert -a (base 16) to base 10.
-10
-1101 (base 2) to base 5
-23
204 (base 5) to base 11
4a
Convert 4 (base 9) to base 15.
4
What is 5 (base 8) in base 9?
5
Convert 4 (base 10) to base 2.
100
What is b (base 13) in base 15?
b
What is -1b (base 16) in base 8?
-33
What is 1010 (base 2) in base 6?
14
Convert -1 (base 7) to base 8.
-1
3 (base 7) to base 12
3
-100 (base 3) to base 9
-10
Convert -245 (base 7) to base 3.
-11212
Convert 3 (base 14) to base 3.
10
What is 2 (base 4) in base 13?
2
Convert 1001 (base 2) to base 8.
11
-23 (base 5) to base 16
-d
What is 4 (base 9) in base 14?
4
2d (base 14) to base 13
32
10101000 (base 2) to base 6
440
-277 (base 9) to base 3
-22121
-211 (base 3) to base 6
-34
What is -4 (base 15) in base 12?
-4
110 (base 4) to base 7
26
Convert 7 (base 13) to base 12.
7
What is -11 (base 11) in base 3?
-110
What is -32 (base 15) in base 13?
-38
Convert 0 (base 3) to base 4.
0
Convert 311 (base 4) to base 8.
65
22 (base 14) to base 13
24
What is 16 (base 15) in base 6?
33
142 (base 9) to base 11
a9
What is 4a (base 14) in base 11?
60
Convert 0 (base 4) to base 9.
0
Convert 2 (base 11) to base 16.
2
10 (base 3) to base 10
3
What is -158 (base 9) in base 13?
-a4
What is -109 (base 12) in base 10?
-153
8 (base 12) to base 3
22
What is -e (base 15) in base 9?
-15
-17 (base 9) to base 8
-20
2 (base 8) to base 2
10
Convert -50 (base 6) to base 11.
-28
What is -220 (base 3) in base 10?
-24
What is 2a (base 12) in base 2?
100010
What is -2 (base 16) in base 14?
-2
9 (base 14) to base 15
9
What is 1 (base 2) in base 14?
1
Convert 14 (base 7) to base 13.
b
Convert -21 (base 15) to base 3.
-1011
-155 (base 9) to base 14
-95
-42 (base 9) to base 5
-123
What is -12c (base 13) in base 16?
-cf
What is -45 (base 6) in base 15?
-1e
What is -13 (base 11) in base 6?
-22
Convert 7a (base 13) to base 14.
73
Convert d (base 15) to base 9.
14
What is 3 (base 10) in base 8?
3
Convert 57 (base 14) to base 7.
140
What is -371 (base 10) in base 7?
-1040
Convert 4 (base 9) to base 8.
4
Convert -4 (base 11) to base 13.
-4
Convert 5a (base 15) to base 13.
67
Convert 12 (base 6) to base 10.
8
Convert -3 (base 9) to base 13.
-3
-57 (base 8) to base 13
-38
Convert 1c (base 15) to base 12.
23
Convert -a (base 12) to base 4.
-22
Convert 1 (base 4) to base 11.
1
Convert -5 (base 10) to base 8.
-5
Convert 55 (base 6) to base 15.
25
9 (base 11) to base 6
13
What is -2010 (base 3) in base 14?
-41
-6 (base 13) to base 2
-110
What is 3 (base 16) in base 3?
10
Convert 1a (base 15) to base 6.
41
What is 3 (base 9) in base 13?
3
Convert 11 (base 2) to base 15.
3
Convert -2 (base 14) to base 12.
-2
0 (base 7) to base 5
0
What is 21020 (base 3) in base 16?
c3
What is -63 (base 16) in base 3?
-10200
Convert -42 (base 6) to base 3.
-222
-110011 (base 2) to base 9
-56
Convert -16 (base 7) to base 15.
-d
-4 (base 8) to base 15
-4
What is 2 (base 5) in base 13?
2
Convert 0 (base 12) to base 6.
0
Convert -1 (base 2) to base 12.
-1
1 (base 16) to base 11
1
What is -12 (base 3) in base 15?
-5
14 (base 6) to base 2
1010
Convert 277 (base 8) to base 6.
515
-4 (base 6) to base 10
-4
-3 (base 4) to base 2
-11
-3b (base 14) to base 10
-53
What is -24 (base 12) in base 11?
-26
Convert -165 (base 10) to base 13.
-c9
Convert 10 (base 7) to base 13.
7
Convert 111 (base 2) to base 15.
7
2 (bas